nder when 3609 is divided by 12?
9
What is the remainder when 2763 is divided by 42?
33
What is the remainder when 1129 is divided by 559?
11
What is the remainder when 117 is divided by 59?
58
What is the remainder when 693 is divided by 97?
14
Calculate the remainder when 1474 is divided by 36.
34
What is the remainder when 752 is divided by 58?
56
What is the remainder when 309 is divided by 226?
83
Calculate the remainder when 144 is divided by 34.
8
Calculate the remainder when 127 is divided by 43.
41
What is the remainder when 67 is divided by 26?
15
Calculate the remainder when 956 is divided by 234.
20
Calculate the remainder when 189 is divided by 19.
18
What is the remainder when 93 is divided by 47?
46
Calculate the remainder when 13 is divided by 7.
6
What is the remainder when 73405 is divided by 34?
33
What is the remainder when 56 is divided by 16?
8
Calculate the remainder when 64 is divided by 11.
9
What is the remainder when 359 is divided by 37?
26
What is the remainder when 1432 is divided by 41?
38
Calculate the remainder when 195 is divided by 72.
51
Calculate the remainder when 764 is divided by 254.
2
Calculate the remainder when 283 is divided by 75.
58
What is the remainder when 138 is divided by 45?
3
Calculate the remainder when 203 is divided by 202.
1
Calculate the remainder when 273 is divided by 128.
17
Calculate the remainder when 240 is divided by 38.
12
What is the remainder when 21 is divided by 12?
9
What is the remainder when 4048 is divided by 90?
88
What is the remainder when 630 is divided by 235?
160
Calculate the remainder when 1882 is divided by 23.
19
What is the remainder when 1687 is divided by 19?
15
Calculate the remainder when 19764 is divided by 335.
334
Calculate the remainder when 317 is divided by 165.
152
Calculate the remainder when 184 is divided by 11.
8
What is the remainder when 948 is divided by 73?
72
Calculate the remainder when 1112 is divided by 28.
20
Calculate the remainder when 1816 is divided by 600.
16
What is the remainder when 1089 is divided by 84?
81
What is the remainder when 7902 is divided by 93?
90
What is the remainder when 357 is divided by 93?
78
What is the remainder when 292 is divided by 68?
20
What is the remainder when 9321 is divided by 28?
25
Calculate the remainder when 790 is divided by 113.
112
What is the remainder when 43054 is divided by 52?
50
What is the remainder when 178 is divided by 36?
34
Calculate the remainder when 1670 is divided by 18.
14
What is the remainder when 2832 is divided by 41?
3
Calculate the remainder when 119 is divided by 25.
19
What is the remainder when 1020 is divided by 31?
28
Calculate the remainder when 3629 is divided by 79.
74
Calculate the remainder when 133 is divided by 62.
9
Calculate the remainder when 824 is divided by 812.
12
Calculate the remainder when 360 is divided by 76.
56
Calculate the remainder when 372 is divided by 31.
0
Calculate the remainder when 448 is divided by 50.
48
What is the remainder when 74 is divided by 22?
8
What is the remainder when 272 is divided by 7?
6
Calculate the remainder when 80 is divided by 31.
18
What is the remainder when 3236 is divided by 81?
77
Calculate the remainder when 66 is divided by 34.
32
Calculate the remainder when 592 is divided by 26.
20
What is the remainder when 82 is divided by 24?
10
Calculate the remainder when 461 is divided by 15.
11
Calculate the remainder when 239 is divided by 45.
14
Calculate the remainder when 536 is divided by 18.
14
Calculate the remainder when 390 is divided by 72.
30
What is the remainder when 271 is divided by 17?
16
Calculate the remainder when 2033 is divided by 2033.
0
What is the remainder when 233 is divided by 6?
5
Calculate the remainder when 61 is divided by 42.
19
What is the remainder when 172 is divided by 20?
12
Calculate the remainder when 413 is divided by 19.
14
What is the remainder when 22 is divided by 2?
0
Calculate the remainder when 10077 is divided by 14.
11
What is the remainder when 858 is divided by 78?
0
Calculate the remainder when 62 is divided by 29.
4
What is the remainder when 1598 is divided by 41?
40
Calculate the remainder when 418 is divided by 28.
26
Calculate the remainder when 188 is divided by 8.
4
What is the remainder when 401 is divided by 115?
56
What is the remainder when 183 is divided by 75?
33
Calculate the remainder when 50 is divided by 15.
5
Calculate the remainder when 176 is divided by 24.
8
What is the remainder when 5568 is divided by 5557?
11
Calculate the remainder when 1419 is divided by 72.
51
What is the remainder when 1511 is divided by 748?
15
What is the remainder when 493 is divided by 23?
10
Calculate the remainder when 415 is divided by 60.
55
Calculate the remainder when 370 is divided by 94.
88
Calculate the remainder when 1443 is divided by 6.
3
What is the remainder when 29 is divided by 15?
14
Calculate the remainder when 17097 is divided by 150.
147
What is the remainder when 129 is divided by 12?
9
Calculate the remainder when 1203 is divided by 304.
291
Calculate the remainder when 1387 is divided by 32.
11
Calculate the remainder when 144 is divided by 34.
8
Calculate the remainder when 134 is divided by 60.
14
What is the remainder when 23 is divided by 15?
8
Calculate the remainder when 582 is divided by 9.
6
What is the remainder when 245 is divided by 126?
119
What is the remainder when 1094 is divided by 263?
42
Calculate the remainder when 524 is divided by 8.
4
Calculate the remainder when 858 is divided by 13.
0
What is the remainder when 236 is divided by 39?
2
What is the remainder when 2835 is divided by 8?
3
What is the remainder when 180 is divided by 17?
10
What is the remainder when 448 is divided by 10?
8
Calculate the remainder when 43 is divided by 36.
7
What is the remainder when 144 is divided by 7?
4
What is the remainder when 678 is divided by 263?
152
Calculate the remainder when 5197 is divided by 46.
45
What is the remainder when 28 is divided by 22?
6
What is the remainder when 619 is divided by 31?
30
What is the remainder when 946 is divided by 79?
77
Calculate the remainder when 88 is divided by 31.
26
What is the remainder when 20773 is divided by 75?
73
What is the remainder when 171 is divided by 35?
31
Calculate the remainder when 88 is divided by 47.
41
What is the remainder when 3053 is divided by 161?
155
Calculate the remainder when 637 is divided by 24.
13
What is the remainder when 433 is divided by 78?
43
What is the remainder when 1878 is divided by 20?
18
What is the remainder when 163 is divided by 27?
1
What is the remainder when 717 is divided by 36?
33
What is the remainder when 123 is divided by 7?
4
Calculate the remainder when 1251 is divided by 254.
235
Calculate the remainder when 633 is divided by 173.
114
What is the remainder when 220 is divided by 31?
3
Calculate the remainder when 955 is divided by 60.
55
Calculate the remainder when 391 is divided by 18.
13
Calculate the remainder when 1533 is divided by 510.
3
What is the remainder when 1199 is divided by 16?
15
Calculate the remainder when 143 is divided by 22.
11
What is the remainder when 309 is divided by 64?
53
Calculate the remainder when 105 is divided by 55.
50
What is the remainder when 216 is divided by 19?
7
What is the remainder when 502 is divided by 138?
88
Calculate the remainder when 2013 is divided by 19.
18
Calculate the remainder when 330 is divided by 160.
10
Calculate the remainder when 722 is divided by 636.
86
Calculate the remainder when 80 is divided by 9.
8
What is the remainder when 165 is divided by 53?
6
What is the remainder when 498 is divided by 39?
30
What is the remainder when 254 is divided by 15?
14
Calculate the remainder when 180 is divided by 57.
9
What is the remainder when 141 is divided by 65?
11
What is the remainder when 5533 is divided by 135?
133
Calculate the remainder when 524 is divided by 251.
22
What is the remainder when 146 is divided by 59?
28
What is the remainder when 290 is divided by 79?
53
Calculate the remainder when 356 is divided by 73.
64
Calculate the remainder when 648 is divided by 83.
67
Calculate the remainder when 668 is divided by 13.
5
What is the remainder when 107 is d